be (1 + -4 - b) + 16. Calculate the highest common factor of 13 and p.
13
Let s be 206/10 - (-4)/10. Let n = 523 - 539. Let i be ((-6)/(-5))/(n/(-40)). What is the highest common factor of s and i?
3
Suppose 16003*m + 4536 = 16017*m. What is the greatest common factor of 252 and m?
36
Suppose 8*n = -2*n + 240. Suppose 9*p + n = 11*p. Let u be (-12)/(-9) - (-2228)/p. Calculate the greatest common factor of 17 and u.
17
Let s(q) = 49*q - 82. Let r be s(2). Let v = 30 + -6. What is the greatest common divisor of v and r?
8
Let w be -4 - 14*(-30)/20. Let k(z) = -34*z. Let p be k(-4). What is the highest common factor of w and p?
17
Suppose -2*p + x = -361, -3*p = -0*x + 3*x - 555. Let b be 28 + -7 + 45 + -14. Calculate the greatest common divisor of p and b.
26
Let d = 288 - 168. Suppose -8*t = -12*t - 16. Let p be (t - -13)*140/42. What is the greatest common divisor of d and p?
30
Let n be 2481 + (378/(-36) - -10)*(1 - -1). What is the greatest common factor of n and 93?
31
Let u = 2127 + -2052. Suppose 6*q = -4*p + 3*q + 114, -4*q = 2*p - 52. What is the greatest common divisor of p and u?
15
Suppose 2*k - 48*d - 1296 = -45*d, k + 2*d = 676. Calculate the greatest common factor of k and 10956.
132
Let d = 511 + -504. Suppose -4*q + 39 = 15. Let c(t) = 18*t + 11. Let a be c(q). Calculate the highest common factor of a and d.
7
Suppose 322*x = 4*n + 318*x - 652, -3*n = -5*x - 485. What is the greatest common divisor of n and 1881?
33
Let y be (-48)/128 - 43/(-8). Suppose q = y*l - 126, -6*q = 4*l - q - 95. Calculate the highest common divisor of l and 225.
25
Let o(s) = -8*s + 1. Let c(k) = -52*k + 59. Let n(j) = c(j) - 6*o(j). Let i be n(-13). Let u = -66 - -96. What is the greatest common factor of u and i?
15
Suppose 3*h + 3*m - 114 = 0, -240*h = -236*h - 2*m - 146. Calculate the highest common factor of h and 7067.
37
Let u = -42 - -14. Let v = u + 43. Let o = 12 - 6. What is the highest common factor of o and v?
3
Let h = -9 + 24. Let t = -183 + 190. Let i(d) = 17*d + 1. Let l be i(t). Calculate the greatest common factor of l and h.
15
Let n(h) = -h**3 - 22*h + 28 + 53 + 2*h**3 - 6*h**2 - 27 - 2*h**2. Let i be n(11). Calculate the highest common divisor of i and 28.
7
Let u(r) = r**3 + 13*r**2 - 13*r + 71. Let i be u(-14). Suppose 59*k - 34 = i*k. What is the highest common divisor of k and 187?
17
Suppose 3*a + 14529 = -4*m + 7*m, m + 3*a - 4863 = 0. What is the highest common divisor of m and 48?
48
Let f = 971 + -564. Let y = 429 - f. Calculate the highest common factor of y and 506.
22
Let i = 3493 - 3358. Calculate the highest common factor of 495 and i.
45
Let o be 28/(-5)*(31671900/(-40))/117. What is the highest common factor of 14 and o?
14
Let j be -29 - -34 - (1 - 1*-2). Suppose q + 337 = -j*q - 5*o, 0 = 4*q + 5*o + 441. Let t = 200 + q. What is the highest common divisor of t and 32?
32
Let o = -1410 - -1974. Suppose s + 5*h - o = -49, 0 = 2*s - 3*h - 1095. What is the greatest common divisor of s and 40?
20
Suppose -c + 181 = -2*o, 2*o - 4*o = -6. Let u = -1157 - -1841. Let t = -667 + u. What is the highest common divisor of t and c?
17
Suppose 2*l - 9 - 1 = 0. Suppose 4*x - 220 = l*x. Let p be (-8)/(-12) - x/12. Calculate the highest common divisor of p and 19.
19
Let o(i) = -i**2 - 18*i - 10. Let q be o(-17). Let l be (q - (-952)/(-24))*15/(-2). Calculate the greatest common divisor of 98 and l.
49
Suppose -3*c + 36 = -5*c. Let o be 3728/9 + 4/c. Suppose 51*s = 46*s - 45*s + 2300. Calculate the greatest common factor of s and o.
46
Let a = -683 - -710. Suppose -u + a = q, 0 = 3*u - 6*u + 9. What is the highest common factor of q and 1200?
24
Suppose -4*g = -0*g + 2*r + 80, -2*r - 40 = 2*g. Let b be (10/g)/((-3)/1452). Calculate the greatest common divisor of b and 22.
22
Suppose 5020 = 49*d - 29*d. What is the greatest common factor of d and 20331?
251
Let z(s) = s**2 + 10*s - 19. Let a be z(-12). Suppose 21 = -a*r + 671. Calculate the greatest common divisor of r and 78.
26
Let d(n) = n**3 - n**2 - 4*n + 6. Suppose 13*y - 9*y = -16. Let c be d(y). Let u = 128 + c. Calculate the greatest common divisor of u and 28.
14
Suppose 0*j + 4*s = -3*j + 53, -2*j = 2*s - 32. Suppose -2*r - 49 - 40 = -3*a, -4*a + r = -127. What is the highest common factor of j and a?
11
Let w = -170 + 168. Let d be -28 + 29 + (44 - w). What is the greatest common factor of d and 329?
47
Suppose 0 = -43*p + 5 + 38. Let t be (-2 + 247/(-26))*(p - 5). Calculate the highest common factor of t and 345.
23
Let o = 30640 - 24997. Calculate the highest common divisor of 18 and o.
9
Let u = -696 - -702. Suppose 5430 = 9*c + u*c. Calculate the highest common factor of 2 and c.
2
Let g = -4145 - -4195. Calculate the highest common factor of 1830 and g.
10
Suppose -3*k + 35 = 29, -r = -2*k - 16432. What is the greatest common divisor of r and 28?
28
Suppose 0 = -4*t - 4, -z - 4*t = 4*z - 351. Let d = 2269 - 2179. Suppose 72*p - d = z*p. What is the highest common divisor of p and 10?
10
Let c = 11 + 52. Let z = 130 - 79. Let n = -44 + z. What is the highest common divisor of c and n?
7
Let s(v) = -v**3 + v**2 - 3*v + 20. Let r(a) = -33*a + 264. Let d be r(8). Let l be s(d). Calculate the greatest common factor of l and 590.
10
Suppose 3*a - 5*c - 22 = 0, -3*c + 32 = 29. Calculate the greatest common divisor of a and 37.
1
Let v(y) = -358*y + 3995. Let o be v(11). What is the highest common factor of 11229 and o?
57
Suppose 2*u = -2*g + 120, 138 = -5*u + 7*u - g. What is the greatest common factor of u and 429?
33
Let b(y) = y**3 + 23*y**2 + 64*y + 23. Let d be b(-19). Suppose 5*m + 246 = d. Calculate the highest common factor of 33 and m.
1
Suppose -2*l - 1566 = 11*k - 15*k, 5*l = -2*k + 765. Let z = k + -341. Calculate the highest common factor of 7 and z.
7
Let d(f) = -4*f**3 + 5*f**2 + f + 4. Let n be d(-3). Let v = n - 148. What is the highest common divisor of 54 and v?
6
Let f be ((-46)/(-6) + -9)/(12/(-45)). What is the highest common factor of 535 and f?
5
Suppose -3300*f + 3342*f - 40740 = 0. What is the highest common factor of 2522 and f?
194
Suppose 22*k - 137*k = -14189 - 38941. What is the greatest common divisor of 651 and k?
21
Suppose -q - 1 = n - 17, 3*q + 12 = 0. Suppose -4*u + 73 + 99 = -4*x, 5*u + 4*x - 224 = 0. Let f = u - n. Calculate the greatest common divisor of f and 16.
8
Let v(d) = d + 4. Let u be v(-3). Let z be (-91)/(-1) + (1 - u). Let t(o) = -97*o - 1545. Let r be t(-16). What is the greatest common divisor of z and r?
7
Suppose -2*p = -6*p - 8. Let b be (15/p)/(9/(-54)). What is the highest common divisor of 63 and b?
9
Suppose 3*g - 5*o - 700 = -g, 4*g = -5*o + 700. Suppose 4*m = -98 + 650. Let t = m + -68. Calculate the highest common divisor of t and g.
35
Let v be 672/(-36)*(-864)/42. Suppose 3*a - 4*w - 47 - 13 = 0, 75 = 3*a + w. Calculate the highest common divisor of v and a.
24
Let c(x) = -10*x**3 + 43*x**2 + 3*x - 15. Let o be c(4). Calculate the greatest common factor of 2520 and o.
45
Let r be (-22 - -17)*2/(-5). Suppose 4*p + 129 + 239 = 5*k, 2*k - 158 = -r*p. What is the highest common factor of 760 and k?
76
Let k = -453 + 457. Suppose 0 = 3*l + 6*t - k*t - 1424, -l = 3*t - 470. What is the greatest common divisor of l and 68?
68
Let h = 39 - 27. Let a = h + -11. Suppose -4*x - 26 = -3*d - 173, d + a = 0. What is the highest common divisor of 9 and x?
9
Let b = 7 + -4. Let r = 187 - 118. Calculate the greatest common factor of r and b.
3
Let y be (-2)/5 - 7985/(-25). Let u = 540 - y. Let b = -106 + u. Calculate the highest common divisor of b and 46.
23
Let o = -3520 - -4756. Calculate the greatest common divisor of o and 36.
12
Let o be (-3 + -1 + 3)*-38. Suppose 4*j + 39 = 67. Let p be (-1 - 94)/(j/(-14)). Calculate the highest common factor of o and p.
38
Let g(f) = 1035*f**2 - 67*f + 83. Let d be g(4). Calculate the highest common factor of 393 and d.
131
Let s(f) = 33*f - 20. Let u be s(5). Let p = 150 - 92. What is the highest common factor of p and u?
29
Let u = 675 + 505. Calculate the greatest common factor of 40 and u.
20
Suppose -2*d - 952*v + 7 = -957*v, 20 = 4*v. What is the greatest common divisor of d and 5312?
16
Let s be (9/15*(-6)/9)/((-604)/58890). Suppose 5*d - 2*b = 0, 5*d = d + 3*b. Let k b